Calculate the greatest common divisor of 24 and o.
6
Let w = -933 + 1472. Calculate the greatest common factor of w and 98.
49
Suppose n = 5, -59*s + 63*s - 14 = -2*n. Calculate the highest common factor of s and 9.
1
Let m be (-3)/45 - (-25204)/60. Calculate the greatest common divisor of m and 945.
105
Suppose -2*i - 4*i = -5*i. Suppose -4*b - j + i*j + 45 = 0, -j - 3 = 0. What is the greatest common divisor of b and 4?
4
Let w = 81 - 127. Let s = -33 - w. What is the highest common factor of s and 39?
13
Suppose -c - 81 = -4*p - 29, -3*c + 13 = p. Let r = -57 + 109. Calculate the highest common divisor of r and p.
13
Let j be 552/18 + (-2)/3. Let n be (7 - 31/5)*50. Calculate the highest common factor of j and n.
10
Let o be (-6060)/(-156) - 4/(-26). What is the highest common divisor of o and 3?
3
Suppose 4*i + 108 = 4*u, -4*i - 16 - 4 = 0. What is the greatest common divisor of 44 and u?
22
Let h(r) = 59*r - 4. Let k be h(1). Let w be 44*-3*1/(-6). Calculate the greatest common factor of k and w.
11
Suppose 0 = -3*l - 3*m + 93, 3*l - 93 = -4*m + 2*m. Suppose 0 = c - 0*k - 3*k - l, 0 = -4*k - 16. What is the greatest common factor of c and 152?
19
Let n be (98/(-4))/(4/(-16)). Suppose 0 = g + 6*g - n. Calculate the highest common factor of g and 70.
14
Let b be ((-48)/(-18) + -2)*-3. Let o be 0 + ((-1515)/10 - -2)*b. Calculate the highest common divisor of 23 and o.
23
Let o be (-4)/(-6) + 238/3. Let j be 0 + 59 - (-3)/(-1). Suppose j = 6*v + 8. Calculate the highest common divisor of v and o.
8
Let f = 3 - -3. Suppose 0 = o - f*o - 30. Let g = o - -12. Calculate the greatest common divisor of g and 48.
6
Suppose 0 = 3*j + j - 12. Suppose -x - j + 15 = 0. Let c be (x/8)/(3/160). What is the greatest common factor of 32 and c?
16
Suppose 20529 + 583 = 58*r - 1334. Let g(j) = j**2 - 6. Let p be g(7). What is the highest common divisor of p and r?
43
Suppose 2*a + 135 = -5*o, -5*a - 360 = -3*o + 8*o. Let k = -23 - a. What is the greatest common factor of 13 and k?
13
Let j = 324 + -225. Let s = 34 - 52. Let n be (-4)/s + 97/9. Calculate the greatest common factor of n and j.
11
Let h(g) = -8*g**2 + 2*g + 2. Let s be h(3). Let q = -39 - s. Suppose 2*y - 3 = -t, -5*t - 4*y + y + 22 = 0. Calculate the highest common factor of q and t.
5
Let d(o) = o**3 - 8*o**2 + 6*o + 7. Let i(s) = -2*s + 7. Let w be i(0). Let r be d(w). Let y be (-1 - r)*1*-116. What is the highest common factor of y and 29?
29
Suppose 9*c = 1738 - 298. What is the greatest common divisor of c and 512?
32
Let u = -1 + 9. Let c be ((-24)/(-16))/((-57)/(-24) + -2). Calculate the greatest common factor of u and c.
4
Let z be -2*((-12)/16)/((-3)/(-70)). Calculate the greatest common divisor of 10 and z.
5
Let p = 22 - -28. Suppose c = 2*c - p. Suppose 5*r = 5*k - c, -r = 3*k - 5*k + 23. Calculate the greatest common divisor of 26 and k.
13
Let z(d) = -d**3 - 4*d**2 - 14*d + 14. Let t be z(-6). Calculate the highest common factor of 5 and t.
5
Suppose 4*d - 537 = -5*g, -88 = -3*d - 5*g + 321. What is the highest common divisor of 192 and d?
64
Let w be -1 + (2 - 42/(-3)). Let o be 1316/22 - (-3)/((-297)/(-18)). What is the greatest common factor of w and o?
15
Let a(h) = 46*h + 41. Let t be a(2). What is the highest common divisor of 21 and t?
7
Suppose 25 = 4*l - 3. Let u = l - 17. Let t be (56/u)/(4/(-10)). Calculate the greatest common divisor of 21 and t.
7
Let g = -155 + 231. Suppose 71*l = g*l - 70. Suppose x = 5*b + 60, 5*x + 0*x - 170 = -b. What is the greatest common factor of l and x?
7
Suppose -23*a + 612 = 83. Let h = 53 - 21. Let g = h - a. What is the highest common factor of g and 18?
9
Let l = 123 + -116. Calculate the highest common factor of l and 203.
7
Let i be (-15)/(-20) - 6425/(-20). What is the greatest common divisor of i and 46?
46
Let k(r) = -r**3 + 20*r**2 - 3*r + 47. Let z be k(20). Let j be -3 + 4 + (-2 - z). Calculate the highest common divisor of j and 132.
12
Let b(o) = -12*o + 69. Let y(l) = 22*l - 138. Let t(m) = 7*b(m) + 4*y(m). Let z be t(18). Let s = 6 - 3. What is the greatest common factor of s and z?
3
Let x be (-5542)/(-6) + (-96)/144. Calculate the greatest common factor of x and 13.
13
Let v be 13 - (-6*1)/3. Let t(c) = -18*c + 2 + 13 + 6. Let a be t(-8). Calculate the highest common factor of a and v.
15
Let a be (-75 - (4 + -6))*-2. Calculate the highest common factor of a and 219.
73
Let o be -1 + 1 - (2 - 24/(-1)). Let w = -22 - o. What is the greatest common divisor of w and 2?
2
Let d be 0 + 1824/15 + (-28)/(-20). What is the greatest common divisor of d and 1804?
41
Suppose 4*g + f - 148 = 0, -220 = -4*g - 2*f - 76. What is the highest common factor of 38 and g?
38
Let w be 299 - (1 - (-2)/(-10)*-5). Let a = 41 - 14. Calculate the greatest common divisor of w and a.
27
Suppose 0 = -9*v + 51 + 12. Let y(i) = i**2 - 7*i + 34. Let j be y(v). Calculate the greatest common factor of j and 34.
34
Suppose -278*o = -283*o - p + 685, o + 4*p = 156. What is the greatest common divisor of o and 578?
34
Suppose -30*n + 31*n - 138 = -4*a, -n + a = -123. Calculate the greatest common factor of n and 14.
14
Let u = 82 - 146. Let z be (-2 + (-101)/(-4))/((-12)/u). Suppose -i - 5*b + 31 = 0, 4*b - b = -3*i + 93. What is the greatest common factor of i and z?
31
Let y be 1 + (-21)/27 - 20/9. Suppose 0 = k + 4*k + 10. Let i be -1*(-6)/y*k. What is the highest common divisor of 66 and i?
6
Let m = 29 + -23. Suppose 2*q = q + 76. Let f = q - 10. Calculate the greatest common factor of f and m.
6
Let r be 40/22 - 18/(-99). Let d(h) = -9*h + 1. Let n(s) = -2*s. Let j(i) = r*d(i) - 11*n(i). Let l be j(2). What is the greatest common factor of 40 and l?
10
Let c(s) = 2*s**2 + 10*s + 4. Let p be (6/36 - 15/(-18)) + -6. Let u be c(p). What is the highest common divisor of 44 and u?
4
Suppose -16*f + 21*f - 75 = 0. What is the greatest common factor of 3 and f?
3
Let v(a) = -53*a - 7. Let h(r) = 35*r + 5. Let n(c) = 7*h(c) + 5*v(c). Let s = 86 - 87. Let x be n(s). Calculate the greatest common factor of x and 5.
5
Let r = 1957 - -325. What is the greatest common factor of r and 14?
14
Suppose 12*p = 17*p. Suppose p = -w - 3*r + 22 + 12, w + 4*r = 39. Let v(q) = 18*q + 7. Let y be v(7). Calculate the highest common divisor of w and y.
19
Let v be 3/(((-165)/10)/(-11)). Suppose v*x + 4*x - 60 = 0. Calculate the highest common divisor of 70 and x.
10
Suppose 15 = -2*c - b + 52, 0 = -3*c - b + 57. What is the greatest common divisor of 90 and c?
10
Let u be (39/13)/((-6)/(-134)). What is the greatest common factor of 804 and u?
67
Let a be ((-592)/370)/((-2)/20). Calculate the greatest common divisor of 776 and a.
8
Suppose -720 = -63*w + 58*w. Calculate the greatest common divisor of 32 and w.
16
Let x be ((-60)/35)/((-12)/84). Suppose 5*y = 423 - 53. Let d = 122 - y. Calculate the highest common factor of x and d.
12
Let h be (24/(-20))/(5/(-125)). What is the greatest common divisor of 10 and h?
10
Let f be (-2)/1 + 4 + 0. Suppose -f*u - u + 21 = 0. Let x = -94 + 136. Calculate the highest common divisor of u and x.
7
Suppose 2*x - 1 = 3. Let d be (3 - x - -1) + 2. Suppose 21 = 3*o + 3. What is the greatest common factor of o and d?
2
Suppose 4*q = 4*m - 20, -29 = 4*q - m + 6*m. Let p(s) = -s**3 - 4*s**2 + 5*s - 6. Let u be p(q). Calculate the highest common divisor of u and 54.
18
Let k be (4/(-8))/((-3)/(-6)). Let x be (35 - 21)*k/(-2). Calculate the greatest common divisor of x and 28.
7
Suppose 2*a + g = 4*a - 111, -107 = -2*a + 5*g. Calculate the highest common divisor of 294 and a.
14
Suppose -18*z + 669 = -1941. Calculate the greatest common divisor of z and 667.
29
Let u = -13 - -11. Let v be (6*-4)/(-4 - u). Suppose -2*x = x + v, 2*f + 3*x - 98 = 0. What is the highest common divisor of f and 11?
11
Suppose 0 = 3*v + 2*v + 2*m - 35, m = -4*v + 31. Let q be (-18)/4*(22 + -24). What is the greatest common divisor of v and q?
9
Let f(s) = -s**2 - 5*s - 8. Let v be f(-4). Let t be -2 + -3 + 364 + v. Calculate the greatest common factor of 71 and t.
71
Let b be (11/((-385)/(-30)))/(1/7). Let u = 7 - 3. Let g(i) = 2*i - 5. Let j be g(u). What is the greatest common factor of b and j?
3
Let o(f) = 2*f**2 + 15*f + 5. Let k be o(-10). Suppose -4*j + 5 = -